8?
52
Calculate the greatest common factor of 22864075 and 13.
13
Calculate the highest common factor of 26 and 61148321.
13
What is the highest common divisor of 118 and 55970291?
59
Calculate the highest common factor of 373927 and 67.
67
What is the highest common factor of 240 and 6071200?
80
Calculate the highest common divisor of 55784 and 10121224.
152
What is the greatest common divisor of 128 and 13319984?
16
Calculate the highest common factor of 208 and 116400304.
16
Calculate the highest common divisor of 40 and 2987630.
10
Calculate the highest common factor of 246 and 1427514.
6
What is the greatest common divisor of 121002006 and 894?
894
Calculate the greatest common factor of 21506628 and 453.
453
Calculate the greatest common divisor of 1014210 and 7967565.
8595
What is the greatest common divisor of 1274 and 539821191?
637
What is the greatest common divisor of 1911866 and 22748?
1034
Calculate the greatest common factor of 4659 and 293459539.
1553
What is the highest common divisor of 5 and 265805?
5
Calculate the highest common divisor of 13890 and 5304.
6
Calculate the highest common factor of 23946813 and 1375.
11
Calculate the greatest common factor of 331150 and 11618.
74
Calculate the greatest common divisor of 108 and 2150971092.
108
What is the greatest common divisor of 116 and 211036?
4
What is the greatest common divisor of 10965 and 1367701?
731
Calculate the highest common divisor of 6476 and 337773589.
1619
Calculate the highest common divisor of 2381108 and 32.
4
Calculate the highest common factor of 79472 and 1097.
1
Calculate the greatest common divisor of 16728961 and 1468.
367
Calculate the highest common divisor of 90643072 and 57.
19
Calculate the greatest common divisor of 566 and 119035743.
283
What is the highest common factor of 961600 and 544?
32
What is the highest common divisor of 17526 and 1058?
46
What is the highest common divisor of 639392 and 13091?
689
Calculate the greatest common divisor of 365 and 7456220.
365
Calculate the greatest common divisor of 11462 and 407.
11
Calculate the greatest common divisor of 7 and 277718203.
7
Calculate the highest common divisor of 1312628 and 110836.
916
What is the highest common divisor of 36894825 and 550?
275
Calculate the highest common divisor of 8975744 and 736.
32
Calculate the highest common divisor of 546 and 12879958.
182
Calculate the greatest common divisor of 292758 and 3894.
354
Calculate the highest common divisor of 436268 and 56.
28
Calculate the highest common divisor of 1426015 and 72145.
1535
What is the greatest common divisor of 190549359 and 1848?
231
Calculate the greatest common divisor of 105600 and 888.
24
Calculate the highest common divisor of 104 and 78685074.
26
Calculate the highest common factor of 12402400 and 888.
296
Calculate the greatest common factor of 16707 and 5637.
3
Calculate the highest common factor of 602354782 and 844.
422
Calculate the greatest common factor of 1057 and 838243.
7
Calculate the highest common divisor of 6138 and 2526678.
198
Calculate the highest common divisor of 10 and 114506530.
10
Calculate the greatest common divisor of 5803 and 1948682218.
5803
Calculate the highest common factor of 619 and 4427707.
619
Calculate the greatest common divisor of 1133290 and 145.
5
Calculate the greatest common factor of 104274 and 2160.
54
Calculate the greatest common factor of 1648148 and 4.
4
What is the highest common divisor of 14 and 204207178?
14
Calculate the greatest common factor of 1 and 110850040.
1
Calculate the highest common divisor of 8865892 and 132916.
1316
What is the highest common divisor of 38013504 and 96?
96
Calculate the greatest common divisor of 5397790 and 890.
10
Calculate the greatest common divisor of 130637 and 98944.
773
Calculate the greatest common divisor of 345 and 1658077590.
345
Calculate the highest common divisor of 1574642 and 8092.
34
What is the highest common divisor of 16436 and 34393504?
2348
Calculate the greatest common divisor of 2030 and 6866185.
145
What is the greatest common factor of 175536 and 1749?
159
Calculate the greatest common divisor of 6174 and 594279.
63
Calculate the highest common factor of 244 and 3008408.
4
Calculate the highest common divisor of 73999065 and 120.
15
Calculate the greatest common divisor of 20208273 and 5123.
109
Calculate the highest common divisor of 15824 and 7846726.
1978
What is the greatest common factor of 15352 and 1721848?
808
What is the greatest common factor of 92 and 40007442?
46
What is the highest common divisor of 5113560 and 16640?
40
What is the highest common factor of 493693977 and 42?
21
What is the highest common divisor of 294527010 and 21330?
2370
What is the greatest common divisor of 1078327 and 963503?
463
Calculate the greatest common factor of 315016 and 3591928.
1864
What is the greatest common divisor of 627 and 110268609?
627
Calculate the highest common factor of 21602979 and 1926.
963
What is the highest common divisor of 6479031 and 2796?
699
Calculate the highest common factor of 8443824 and 20640.
2064
What is the highest common factor of 87582 and 83556?
66
What is the highest common factor of 52670809 and 4036?
1009
What is the highest common divisor of 63 and 559985391?
63
What is the highest common divisor of 3079650 and 5950?
350
What is the highest common factor of 11067 and 1677900?
357
Calculate the greatest common divisor of 551322 and 5232.
654
What is the highest common factor of 20088 and 879093?
81
Calculate the highest common divisor of 42855076 and 67.
67
Calculate the highest common divisor of 122070 and 202995.
195
Calculate the highest common factor of 1786841 and 28231.
259
What is the highest common divisor of 140967 and 280799?
227
Calculate the highest common factor of 56952 and 432564.
1356
What is the highest common divisor of 6200 and 16840?
40
Calculate the greatest common factor of 84477 and 783.
87
Calculate the highest common divisor of 44759598 and 27606.
642
What is the highest common factor of 2937103901 and 1283?
1283
What is the greatest common factor of 328649 and 331229?
43
What is the highest common factor of 22269298 and 6484?
3242
What is the highest common factor of 47575 and 1727?
11
Calculate the highest common divisor of 165161 and 34.
1
What is the highest common divisor of 6419610 and 1260?
90
Calculate the highest common divisor of 2705 and 166375353.
541
What is the highest common divisor of 421608 and 991320?
264
What is the greatest common factor of 1648 and 107897444?
412
What is the highest common factor of 1152 and 3301812?
36
Calculate the highest common factor of 16020 and 94692.
12
Calculate the greatest common divisor of 86022 and 36198.
18
Calculate the greatest common factor of 575 and 2016774550.
575
What is the highest common divisor of 63 and 22437933?
21
What is the greatest common factor of 124184 and 56072?
344
What is the greatest common factor of 194698 and 28?
14
What is the greatest common factor of 9328 and 94447166?
1166
What is the highest common factor of 637 and 12313063?
49
What is the highest common factor of 23886 and 2334193?
1327
Calculate the highest common divisor of 18 and 1097405424.
18
What is the greatest common divisor of 93 and 32474329?
31
Calculate the highest common divisor of 17010991 and 1501.
79
What is the greatest common divisor of 169099 and 20561?
29
Calculate the highest common divisor of 443664 and 106.
2
What is the highest common factor of 31662 and 413514?
18
Calculate the highest common factor of 325654686 and 1813.
1813
What is the greatest common divisor of 2590 and 529693850?
2590
Calculate the greatest common divisor of 5373504 and 5871.
57
What is the highest common divisor of 2080 and 38871456?
416
What is the greatest common factor of 140 and 129465868?
28
Calculate the greatest common factor of 3500 and 13390720.
140
What is the greatest common factor of 1607427 and 1503?
9
Calculate the highest common divisor of 7186420 and 186.
62
What is the greatest common divisor of 102700 and 1927900?
1300
Calculate the highest common factor of 656031373 and 38.
19
Calculate the highest common factor of 10534 and 567513983.
5267
What is the highest common factor of 41553 and 